multiple of 64?
False
Is 814600270 a multiple of 14?
False
Is 669 a factor of 78019064?
False
Does 160 divide 362835055?
False
Is 1544818682 a multiple of 7297?
True
Does 9 divide 192154545?
True
Is 6 a factor of 27498382?
False
Is 12 a factor of 56535745?
False
Is 276 a factor of 566059992?
True
Does 712 divide 780676495?
False
Is 31278142 a multiple of 2242?
True
Is 7186066 a multiple of 538?
True
Does 10 divide 154800?
True
Does 1090 divide 2599253074?
False
Does 322 divide 173540886?
False
Does 82 divide 42731512?
True
Is 25018236 a multiple of 41?
False
Does 448 divide 271294912?
True
Is 8818794 a multiple of 54?
True
Is 319 a factor of 93643726?
True
Is 186195416 a multiple of 9?
False
Is 120970575 a multiple of 33?
True
Is 487 a factor of 123211487?
True
Is 553 a factor of 56917284?
False
Does 9850 divide 5890171950?
True
Is 12721872 a multiple of 10?
False
Does 38 divide 107295850?
True
Is 12400365 a multiple of 663?
False
Is 23591652 a multiple of 9?
False
Is 30365874 a multiple of 126?
True
Is 15 a factor of 74294166?
False
Is 9809616 a multiple of 1092?
False
Is 359 a factor of 1408026720?
True
Does 342 divide 169609086?
True
Does 8419 divide 3430857828?
False
Is 435 a factor of 999501381?
False
Is 127102344 a multiple of 238?
False
Is 8 a factor of 1012968?
True
Is 235155618 a multiple of 2?
True
Is 13 a factor of 88908443?
True
Is 108053625 a multiple of 75?
True
Does 1344 divide 1662183936?
True
Is 163975598 a multiple of 185?
False
Does 460 divide 261183464?
False
Is 138 a factor of 11904077?
False
Does 820 divide 1239835900?
True
Does 42 divide 279760985?
False
Is 425 a factor of 44583253?
False
Is 144214375 a multiple of 625?
True
Is 10 a factor of 111815940?
True
Is 300774198 a multiple of 1416?
False
Is 112 a factor of 2147518576?
True
Is 669817334 a multiple of 48?
False
Does 28 divide 9650776?
False
Does 2 divide 16385488?
True
Does 79 divide 125881004?
False
Is 2128400 a multiple of 313?
True
Is 270578510 a multiple of 70?
False
Is 1146139488 a multiple of 321?
True
Is 39948878 a multiple of 61?
False
Is 17023618 a multiple of 36?
False
Does 4 divide 40138953?
False
Is 1328 a factor of 243378806?
False
Is 26597187 a multiple of 771?
True
Is 28836080 a multiple of 70?
True
Does 520 divide 2485996?
False
Is 9976 a factor of 271177608?
True
Does 8 divide 2820590984?
True
Does 19 divide 1460215968?
True
Does 295 divide 129297671?
False
Does 102 divide 568898082?
False
Is 183637702 a multiple of 76?
False
Is 2538 a factor of 362393406?
True
Is 51209690 a multiple of 731?
False
Is 220309278 a multiple of 29?
False
Does 84 divide 987441476?
False
Is 269 a factor of 52016261?
True
Is 665983487 a multiple of 15?
False
Is 882 a factor of 37821798?
False
Is 329 a factor of 1150076088?
True
Does 2508 divide 823827840?
True
Does 19 divide 1209055823?
True
Is 5194492 a multiple of 31?
False
Is 19826217 a multiple of 151?
False
Is 763512212 a multiple of 599?
False
Does 598 divide 394058678?
True
Is 10 a factor of 33975948?
False
Is 45 a factor of 73529955?
True
Is 514 a factor of 621456011?
False
Does 3483 divide 47037915?
True
Is 104 a factor of 51917152?
False
Does 128 divide 102721070?
False
Is 3056877712 a multiple of 34?
True
Is 109481148 a multiple of 2532?
True
Is 76321555 a multiple of 7?
False
Is 7742536 a multiple of 952?
False
Is 201100760 a multiple of 33?
False
Does 11 divide 222357619?
True
Is 9 a factor of 7545301?
False
Is 111015492 a multiple of 19?
False
Is 11 a factor of 11162850?
False
Is 18224430 a multiple of 7?
True
Is 1570142075 a multiple of 535?
True
Is 2852 a factor of 139427375?
False
Is 230621987 a multiple of 220?
False
Is 25250792 a multiple of 705?
False
Is 121544156 a multiple of 226?
True
Does 7869 divide 3248016309?
True
Is 190295112 a multiple of 430?
False
Is 93 a factor of 1849026?
True
Does 27 divide 2169724401?
True
Does 606 divide 505250682?
True
Is 708656528 a multiple of 5186?
True
Does 22 divide 26394610?
True
Is 6708 a factor of 851043960?
True
Is 2069 a factor of 87873177?
False
Is 98 a factor of 9890716?
False
Is 56719884 a multiple of 12?
True
Does 103 divide 6170106?
False
Does 3576 divide 1362109128?
True
Does 15 divide 265909286?
False
Is 117 a factor of 882033?
False
Does 35 divide 1340928120?
True
Is 43799038 a multiple of 782?
True
Is 61637206 a multiple of 17?
True
Is 90 a factor of 875769210?
True
Does 441 divide 187077492?
True
Is 28912504 a multiple of 1864?
True
Does 501 divide 128217951?
False
Is 30 a factor of 436717560?
True
Is 637 a factor of 1552697281?
False
Does 968 divide 1587918641?
False
Is 27887398 a multiple of 22?
True
Is 215343640 a multiple of 776?
False
Does 191 divide 3764526?
False
Is 1478 a factor of 158901560?
False
Is 1063169360 a multiple of 632?
True
Is 37874083 a multiple of 169?
True
Does 54 divide 290469657?
False
Is 1224 a factor of 10728360?
True
Does 8 divide 239059872?
True
Does 162 divide 4930470?
True
Is 1108824 a multiple of 12?
True
Is 96392419 a multiple of 1725?
False
Is 1100429442 a multiple of 126?
True
Is 2731200 a multiple of 30?
True
Is 3701 a factor of 972907777?
True
Does 44 divide 50672644?
True
Is 19309014 a multiple of 76?
False
Does 490 divide 752882852?
False
Does 101 divide 266330031?
True
Is 414 a factor of 26012753?
False
Is 810023697 a multiple of 61?
True
Does 73 divide 14364283?
True
Is 8757 a factor of 8021770756?
False
Is 468 a factor of 48381372?
True
Is 429524755 a multiple of 55?
True
Is 59 a factor of 3109493?
False
Is 20 a factor of 64484628?
False
Does 31 divide 32468406?
False
Is 3316 a factor of 5209436?
True
Does 9270 divide 2403966354?
False
Is 12 a factor of 4654555997?
False
Is 1755970 a multiple of 60?
False
Does 160 divide 184348960?
True
Does 1361 divide 2319347878?
False
Does 183 divide 251396686?
False
Is 1059050058 a multiple of 142?
True
Does 26 divide 2507089442?
True
Is 4 a factor of 13756184?
True
Is 654384 a multiple of 16?
True
Is 95490601 a multiple of 1880?
False
Is 736192161 a multiple of 18?
False
Is 11 a factor of 209277475?
True
Is 48 a factor of 10208711?
False
Is 364792611 a multiple of 63?
False
Is 40226656 a multiple of 16?
True
Is 25273835 a multiple of 97?
True
Is 118 a factor of 165933514?
False
Is 1621 a factor of 51920630?
True
Is 8592089 a multiple of 11?
True
Is 263 a factor of 6405891?
True
Is 32 a factor of 1137723450?
False
Does 99 divide 10620599?
False
Is 26271432 a multiple of 9?
True
Is 3065538006 a multiple of 18?
True
Does 1616 divide 29860448?
True
Is 45 a factor of 41639220?
True
Does 5 divide 10466433?
False
Is 232896060 a multiple of 36?
True
Is 21 a factor of 8433091?
False
Does 7 divide 144153107?
True
Is 54 a factor of 362904948?
True
Is 700 a factor of 32886700?
True
Is 87317408 a multiple of 32?
True
Is 297524211 a multiple of 19?
True
Is 872 a factor of 27284334?
False
Is 12 a factor of 10570272?
True
Does 474 divide 4755571374?
True
Is 139874566 a multiple of 17?
False
Is 2466627 a multiple of 2449?
False
Does 57 divide 27598794?
False
Is 245 a factor of 1103757095?
True
Is 2645 a factor of 24725460?
True
Does 77 divide 23445115?
False
Is 2159 a factor of 47853597?
False
Does 8 divide 41410904?
True
Is 171237360 a multiple of 80?
True
Is 225 a factor of 331278392?
False
Is 163 a factor of 19160966?
False
Is 26 a factor of 532999545?
False
Does 66 divide 189276780?
True
Is 7319 a factor of 2053174839?
False
Is 58467720 a multiple of 97?
True
Does 1359 divide 2177743140?
True
Is 5607440150 a multiple of 65?
True
Is 227 a factor of 96500051?
False
Does 82 divide 1445993986?
True
Is 437 a factor of 16165036?
False
Is 31 a factor of 585296585?
True
Is 35 a factor of 174494546?
False
Is 1737 a factor of 168196476?
False
Does 6 divide 386394?
True
Does 225 divide 223632242?
False
Does 18 divide 420764432?
False
Is 1326985317 a multiple of 4221?
True
Is 15619644 a multiple of 9?
True
Is 2400095213 a multiple of 110?
False
Does 527 divide 70804604?
False
Is 2026620051 a multiple of 14?
False
Does 1103 divide 427397254?
False
Does 94 divide 9819146?
True
Is 3907198 a multiple of 3?
False
Is 2524958310 a multiple of 454?
False
Does 29 divide 30371294?
True
Is 6549387 a multiple of 240?
False
Is 14 a factor of 909030?
False
Does 132 divide 2324698?
False
Is 62108393 a m